{"id":329,"date":"2025-05-08T10:39:07","date_gmt":"2025-05-08T08:39:07","guid":{"rendered":"http:\/\/dn-umzuege.ui.xerbdev.online\/?page_id=329"},"modified":"2025-05-08T11:56:41","modified_gmt":"2025-05-08T09:56:41","slug":"entruempelung","status":"publish","type":"page","link":"https:\/\/dn-umzuege.de\/?page_id=329","title":{"rendered":"Entr\u00fcmpelung"},"content":{"rendered":"\t\t<div data-elementor-type=\"wp-page\" data-elementor-id=\"329\" class=\"elementor elementor-329\">\n\t\t\t\t\t\t<section class=\"elementor-section elementor-top-section elementor-element elementor-element-4df64fc7 elementor-section-boxed elementor-section-height-default elementor-section-height-default\" data-id=\"4df64fc7\" data-element_type=\"section\">\n\t\t\t\t\t\t<div class=\"elementor-container elementor-column-gap-default\">\n\t\t\t\t\t<div class=\"elementor-column elementor-col-50 elementor-top-column elementor-element elementor-element-35b5e61\" data-id=\"35b5e61\" data-element_type=\"column\" data-settings=\"{&quot;background_background&quot;:&quot;classic&quot;}\">\n\t\t\t<div class=\"elementor-widget-wrap elementor-element-populated\">\n\t\t\t\t\t\t<div class=\"elementor-element elementor-element-8e55261 elementor-widget elementor-widget-heading\" data-id=\"8e55261\" data-element_type=\"widget\" data-widget_type=\"heading.default\">\n\t\t\t\t<div class=\"elementor-widget-container\">\n\t\t\t\t\t<h2 class=\"elementor-heading-title elementor-size-default\">Entr\u00fcmpelung<\/h2>\t\t\t\t<\/div>\n\t\t\t\t<\/div>\n\t\t\t\t<div class=\"elementor-element elementor-element-38030135 elementor-widget elementor-widget-text-editor\" data-id=\"38030135\" data-element_type=\"widget\" data-widget_type=\"text-editor.default\">\n\t\t\t\t<div class=\"elementor-widget-container\">\n\t\t\t\t\t\t\t\t\t<p><strong>Fachgerechte Entr\u00fcmpelung zum Festpreis<\/strong><\/p><p>Sie haben sich entschieden: Ihr Eigenheim, Ihre Wohnung, Ihr Keller oder Dachboden m\u00fcssen dringend entr\u00fcmpelt werden. Es gibt viele Gr\u00fcnde f\u00fcr eine Entr\u00fcmpelung. Manchmal verliert man den \u00dcberblick oder bestimmte Dinge wachsen einem \u00fcber den Kopf. Fragen wie \u201eWohin mit all den M\u00f6beln?\u201c, \u201eWer k\u00fcmmert sich um die Entsorgung?\u201c oder \u201eWo soll ich anfangen?\u201c tauchen leicht auf. Aber keine Sorge, Ring Umz\u00fcge aus D\u00fcren hat die L\u00f6sung: Rufen Sie uns an! Vereinbaren Sie einen kostenlosen Besichtigungstermin mit unserem Fachpersonal, denn wir sind die Experten f\u00fcr Wohnungsaufl\u00f6sungen und Entr\u00fcmpelungen.<\/p><p><strong>DN UMZ\u00dcGE<\/strong> ist ein erfahrener Dienstleister, der Ihre Entr\u00fcmpelung zu fairen Preisen zuverl\u00e4ssig und schnell organisiert und mit eigenen Teams abwickelt.<\/p><p>Wir sind seit vielen Jahren im Bereich Entr\u00fcmpelung t\u00e4tig und haben in dieser Zeit zahlreiche Entr\u00fcmpelungen durchgef\u00fchrt. Unsere Expertise liegt in der Entr\u00fcmpelung von Wohnungen und Haushalten. Wir k\u00fcmmern uns jedoch auch um Kellerentr\u00fcmpelungen, Garagenaufl\u00f6sungen, Gesch\u00e4ftsaufl\u00f6sungen und Betriebsschlie\u00dfungen, einschlie\u00dflich der Verwertung von Restlagerbest\u00e4nden.<\/p><p>Unsere Teams sind bundesweit verf\u00fcgbar und k\u00f6nnen bei gro\u00dfen Entr\u00fcmpelungsauftr\u00e4gen kurzfristig zusammengezogen werden, um eine schnelle und zuverl\u00e4ssige Abwicklung zu gew\u00e4hrleisten. Unsere Mitarbeiter werden regelm\u00e4\u00dfig geschult, um h\u00f6chste Servicequalit\u00e4t und effiziente Auftragsbearbeitung sicherzustellen.<\/p>\t\t\t\t\t\t\t\t<\/div>\n\t\t\t\t<\/div>\n\t\t\t\t<div class=\"elementor-element elementor-element-0aef8fa elementor-align-center elementor-invisible elementor-widget elementor-widget-button\" data-id=\"0aef8fa\" data-element_type=\"widget\" data-settings=\"{&quot;_animation&quot;:&quot;fadeInLeft&quot;}\" data-widget_type=\"button.default\">\n\t\t\t\t<div class=\"elementor-widget-container\">\n\t\t\t\t\t\t\t\t\t<div class=\"elementor-button-wrapper\">\n\t\t\t\t\t<a class=\"elementor-button elementor-button-link elementor-size-lg\" href=\"http:\/\/dn-umzuege.ui.xerbdev.online\/?page_id=365\">\n\t\t\t\t\t\t<span class=\"elementor-button-content-wrapper\">\n\t\t\t\t\t\t<span class=\"elementor-button-icon\">\n\t\t\t\t<svg aria-hidden=\"true\" class=\"e-font-icon-svg e-fas-arrow-circle-right\" viewBox=\"0 0 512 512\" xmlns=\"http:\/\/www.w3.org\/2000\/svg\"><path d=\"M256 8c137 0 248 111 248 248S393 504 256 504 8 393 8 256 119 8 256 8zm-28.9 143.6l75.5 72.4H120c-13.3 0-24 10.7-24 24v16c0 13.3 10.7 24 24 24h182.6l-75.5 72.4c-9.7 9.3-9.9 24.8-.4 34.3l11 10.9c9.4 9.4 24.6 9.4 33.9 0L404.3 273c9.4-9.4 9.4-24.6 0-33.9L271.6 106.3c-9.4-9.4-24.6-9.4-33.9 0l-11 10.9c-9.5 9.6-9.3 25.1.4 34.4z\"><\/path><\/svg>\t\t\t<\/span>\n\t\t\t\t\t\t\t\t\t<span class=\"elementor-button-text\">JETZT ANGEBOT ANFRAGEN<\/span>\n\t\t\t\t\t<\/span>\n\t\t\t\t\t<\/a>\n\t\t\t\t<\/div>\n\t\t\t\t\t\t\t\t<\/div>\n\t\t\t\t<\/div>\n\t\t\t\t<div class=\"elementor-element elementor-element-4dba833 elementor-widget elementor-widget-spacer\" data-id=\"4dba833\" data-element_type=\"widget\" data-widget_type=\"spacer.default\">\n\t\t\t\t<div class=\"elementor-widget-container\">\n\t\t\t\t\t\t\t<div class=\"elementor-spacer\">\n\t\t\t<div class=\"elementor-spacer-inner\"><\/div>\n\t\t<\/div>\n\t\t\t\t\t\t<\/div>\n\t\t\t\t<\/div>\n\t\t\t\t\t<\/div>\n\t\t<\/div>\n\t\t\t\t<div class=\"elementor-column elementor-col-50 elementor-top-column elementor-element elementor-element-645a37a8\" data-id=\"645a37a8\" data-element_type=\"column\" data-settings=\"{&quot;background_background&quot;:&quot;classic&quot;}\">\n\t\t\t<div class=\"elementor-widget-wrap\">\n\t\t\t\t\t\t\t<\/div>\n\t\t<\/div>\n\t\t\t\t\t<\/div>\n\t\t<\/section>\n\t\t\t\t<\/div>\n\t\t","protected":false},"excerpt":{"rendered":"<p>Entr\u00fcmpelung Fachgerechte Entr\u00fcmpelung zum Festpreis Sie haben sich entschieden: Ihr Eigenheim, Ihre Wohnung, Ihr Keller oder Dachboden m\u00fcssen dringend entr\u00fcmpelt werden. Es gibt viele Gr\u00fcnde f\u00fcr eine Entr\u00fcmpelung. Manchmal verliert man den \u00dcberblick oder bestimmte Dinge wachsen einem \u00fcber den Kopf. Fragen wie \u201eWohin mit all den M\u00f6beln?\u201c, \u201eWer k\u00fcmmert sich um die Entsorgung?\u201c oder [&hellip;]<\/p>\n","protected":false},"author":1,"featured_media":0,"parent":0,"menu_order":0,"comment_status":"closed","ping_status":"closed","template":"elementor_header_footer","meta":{"footnotes":""},"class_list":["post-329","page","type-page","status-publish","hentry"],"_links":{"self":[{"href":"https:\/\/dn-umzuege.de\/index.php?rest_route=\/wp\/v2\/pages\/329","targetHints":{"allow":["GET"]}}],"collection":[{"href":"https:\/\/dn-umzuege.de\/index.php?rest_route=\/wp\/v2\/pages"}],"about":[{"href":"https:\/\/dn-umzuege.de\/index.php?rest_route=\/wp\/v2\/types\/page"}],"author":[{"embeddable":true,"href":"https:\/\/dn-umzuege.de\/index.php?rest_route=\/wp\/v2\/users\/1"}],"replies":[{"embeddable":true,"href":"https:\/\/dn-umzuege.de\/index.php?rest_route=%2Fwp%2Fv2%2Fcomments&post=329"}],"version-history":[{"count":7,"href":"https:\/\/dn-umzuege.de\/index.php?rest_route=\/wp\/v2\/pages\/329\/revisions"}],"predecessor-version":[{"id":422,"href":"https:\/\/dn-umzuege.de\/index.php?rest_route=\/wp\/v2\/pages\/329\/revisions\/422"}],"wp:attachment":[{"href":"https:\/\/dn-umzuege.de\/index.php?rest_route=%2Fwp%2Fv2%2Fmedia&parent=329"}],"curies":[{"name":"wp","href":"https:\/\/api.w.org\/{rel}","templated":true}]}}